et q(n) = 13*n - 3. Let j be q(h). Suppose 3*v = -4*m + 2*v + j, 5*v = 4*m - 81. Does 19 divide m?
True
Let g(o) = o + 8. Let r be g(-6). Let k = 2 - r. Is ((-2)/6 + k)*-39 a multiple of 13?
True
Let b(l) = -7*l**2 + l - 8. Let s(p) = 15*p**2 - p + 16. Let h(q) = -13*b(q) - 6*s(q). Is 27 a factor of h(10)?
False
Let h be (-2)/4*6 + -4. Let t = -7 - h. Is t - (-5 - -3) - -17 a multiple of 14?
False
Let m = 10 + 0. Is 9 a factor of m?
False
Let d = 15 - 18. Let v(z) = 4*z**2 - 3*z - 4. Does 9 divide v(d)?
False
Suppose 3*x + 21 = 3*d - 0, -5*d - 73 = 4*x. Let q be (2/(-4))/((-2)/x). Does 3 divide (-2)/q - (-14)/6?
True
Let w(g) = -3*g**3 - 3*g**2 - g + 7. Is w(-4) a multiple of 18?
False
Let f(a) = -a**2 + 5*a - 6. Let c be f(-8). Let o = c - -185. Suppose -4*k - o = -9*k. Is k a multiple of 15?
True
Suppose -3*l + 111 = 3*r, -28 = -5*l + 4*l - 4*r. Does 20 divide l?
True
Let w(s) = -s + 2. Suppose 10 = 4*n - 2*j + 4*j, -5*n - 4*j = -20. Does 2 divide w(n)?
True
Is 24 a factor of (-1)/(-1 + 180/183)?
False
Let v be 2*(-1 + 3 + 0). Suppose -66 = -v*q + 150. Is q a multiple of 27?
True
Let y be -4*((-12)/9)/((-8)/12). Suppose -75 = -3*t + 2*o - 12, 4*t - 5*o - 91 = 0. Let v = t + y. Is 3 a factor of v?
False
Suppose 0 = -5*a + 416 + 154. Suppose 0 = -p + 3*p + 4*v - 10, 0 = -3*p - 3*v + 12. Suppose -3*b + 110 = q + q, a = 3*b + p*q. Does 17 divide b?
True
Suppose 0 = -3*s - 2*y + 630, -655 + 234 = -2*s - y. Is 20 a factor of s?
False
Let t = -30 + 54. Does 8 divide t?
True
Let c(y) = -y**2 - 7*y + 10. Suppose -19 = 4*g + 9. Does 10 divide c(g)?
True
Suppose -10 = -5*j + 505. Does 24 divide j?
False
Suppose -4*g + g - 4*w + 9 = 0, 0 = 5*g + 2*w - 15. Suppose -3 = -g*v + 9. Is v a multiple of 4?
True
Suppose -2*d + 5*c + 86 = 0, 2*d = c - 15 + 109. Is 16 a factor of d?
True
Let o(b) = -b**3 - 6*b**2 + 6*b - 4. Let m be o(-7). Suppose -112 = -m*r - w - 41, 4*r + w = 95. Is r a multiple of 12?
True
Suppose 3*q - 2 + 44 = 0. Does 3 divide (12/q)/((-5)/35)?
True
Suppose -7*q + 6*q = -18. Does 10 divide 544/q - (-4)/(-18)?
True
Let f(s) = s**3 + 16*s**2 - 15*s - 32. Is 33 a factor of f(-16)?
False
Let k = 4 - 9. Let w(m) = 2*m**2 + 6*m - 1. Does 19 divide w(k)?
True
Suppose 0*o + 4*o = 220. Is 11 a factor of o?
True
Suppose -670 = -3*u - 9*g + 4*g, -4*u - 5*g = -885. Suppose -5*z + 0*z = -u. Is z a multiple of 13?
False
Suppose -35*g = -34*g - 165. Is g a multiple of 33?
True
Let b(m) = -m**3 - 6*m**2 - 9*m - 9. Let k = 6 - 12. Is b(k) a multiple of 14?
False
Suppose -4*v + 4*f = 8, 4*f - 40 = -4*v - 8. Suppose -2*u + 4*x = 0, 4*u - 2 - 2 = 4*x. Is u + (32 - 2)/v a multiple of 7?
False
Suppose 5*w = 29 - 4. Suppose -3 = -g + w. Does 8 divide g?
True
Suppose -120 = -2*s - 2*z, 9*s - 4*s - 250 = 5*z. Does 11 divide s?
True
Let w(x) = x**2 + x - 4. Let r be (-1)/(22/(-8) + 3). Is 8 a factor of w(r)?
True
Suppose -2*b + 5*l = -46, 3*l = 5*b - 1 - 76. Let p = -9 + b. Suppose 33 = -k + p*k. Is 4 a factor of k?
False
Let g(i) be the first derivative of i**4/4 - 4*i**3/3 + i**2/2 + 5. Is 4 a factor of g(4)?
True
Suppose 0*l = -3*l + 36. Suppose 4*f - 3*b + 2 = -6, 4*f - 4*b + l = 0. Does 8 divide (-9 + f)*(-10)/5?
True
Suppose 3*u - 8*u = -90. Does 14 divide ((-54)/8)/(u/(-48))?
False
Let h = 26 + -23. Is h a multiple of 3?
True
Let g(c) = 14*c - 3. Suppose 5*l = a + 9 + 6, 5*l = 3*a + 15. Suppose -r - 3 + 5 = a. Is 12 a factor of g(r)?
False
Suppose -2*m - 12 = -5*m, 2*m = 2*a. Let n(u) = -7*u - 2*u + u - a + u. Is n(-6) a multiple of 19?
True
Let j = 17 - 53. Is 9 a factor of (1 + -2)/(3/j)?
False
Let d(i) = 4*i**2 - 7*i + 1. Is 25 a factor of d(6)?
False
Suppose -26 = -3*u + 5*g, u - 10 = 5*g - 3*g. Suppose -u*d = 8 - 40. Suppose 2*m - d = 8. Is m a multiple of 5?
False
Let o(x) be the second derivative of -x**4/12 + 5*x**3/3 - 2*x**2 + 7*x. Is o(7) a multiple of 7?
False
Let d = 847 + -549. Suppose 4*z - d = -78. Let c = z - 34. Does 21 divide c?
True
Suppose -3*i = -5*c - 35, -i + 2*c + 10 + 3 = 0. Suppose -3*t + r = -34 - 18, i*t = 4*r + 75. Is t a multiple of 9?
False
Suppose -2*p - 2*p = -28. Let a(y) = -y**3 + 13*y**2. Let r be a(13). Let i = p - r. Is 3 a factor of i?
False
Let z be (-4)/10 - (-42)/5. Let a be 3 + (-2 - -1 - 2). Is z - ((-2 - -2) + a) a multiple of 8?
True
Suppose 0*o = -4*o - 3*y + 225, o = 2*y + 48. Is 18 a factor of o?
True
Is 10 a factor of 410/6 + (-12)/(-18)?
False
Suppose 2*f - 174 = -p - f, -2*p = 5*f - 344. Is 13 a factor of (-6)/4 - p/(-4)?
True
Let s = 94 - 86. Is s even?
True
Let m be (-42)/(-4)*2/3. Suppose -4*w - 42 = -m*w. Suppose -w = z - 2*z. Does 14 divide z?
True
Suppose 0 = 11*z - 6*z - 35. Let s(f) = f**3 - 7*f**2 + f - 1. Is s(z) a multiple of 6?
True
Let v = -86 + 174. Is 17 a factor of v?
False
Let a = -127 - -91. Is 8/6*a/(-2) a multiple of 9?
False
Let c be 13 - 3 - -3 - 3. Let l = c + -3. Is l a multiple of 7?
True
Let s(i) = 4*i - 1. Suppose 0 = 3*b + 4*p - 4, 5*b = -0*p + p + 22. Is s(b) a multiple of 15?
True
Let o(v) = v**3 - 6*v**2 - 18*v + 14. Is o(11) a multiple of 22?
False
Suppose 0 = f - 0 - 2. Let a be 5 + -1*(f - 1). Is 12 a factor of (38 - (a + -1)) + 3?
False
Suppose -3*p + 85 - 19 = 0. Does 11 divide p?
True
Let p = 3 + 3. Let n = p - -1. Let r(f) = -f + 14. Is 3 a factor of r(n)?
False
Suppose -2*g = 3*z - 3, 2*z + 2*z + 4 = -4*g. Let t = g - -21. Is t a multiple of 11?
False
Let k be (0 - -2)/(2/1). Is -2 - (-22 + k) - 2 a multiple of 17?
True
Suppose 76 = 2*v - 0. Is 10 a factor of v?
False
Suppose 3*i + i = 4*s, -3*s = 3*i - 6. Let w(r) = r**2 + r. Let p be w(i). Suppose -75 = -5*n + p*n. Is 13 a factor of n?
False
Suppose -7*a = -0*a - 448. Is 8 a factor of a?
True
Let b be (3/2)/(2/4). Suppose -b*n = 2 - 17. Suppose 0*v = -n*v + 195. Does 23 divide v?
False
Suppose -4*v - 169 = -3*y, -20 = v - 5*y + 35. Let s = -22 - v. Is 9 a factor of s?
True
Suppose -6 = -2*x - 0. Suppose z - 460 = -5*h + 5*z, 0 = x*h + z - 276. Suppose h = 5*f + 5*t - 3*t, -32 = -2*f - 2*t. Does 15 divide f?
False
Suppose v - 11 = -38. Let c = -11 - v. Is 8 a factor of c?
True
Suppose -3*w + 6 = -2*k, 2*k + k - 17 = -2*w. Let t(o) = -w*o**2 + 3*o**2 + 6 + 9. Is 7 a factor of t(0)?
False
Is 2 a factor of 8 - 0/(-4 + 3)?
True
Let b be (-2)/(-4) - 14/(-4). Suppose -f + 3 = -b. Is 3 a factor of f?
False
Suppose f - 10 = -f. Let t = 6 - 4. Suppose -t*c - 1 = 3*u - 40, -f*u - 35 = -5*c. Does 6 divide c?
True
Let y = 7 + 10. Suppose 2*x = 1 + y. Does 5 divide x?
False
Suppose k - 5 - 5 = -3*v, v + 2*k - 10 = 0. Suppose -d + 44 = -2*m, 24 = -v*m + 4*d - 8. Let c = m - -62. Does 19 divide c?
True
Let v(b) = -b**2 + b + 5. Let k be v(0). Is (-2)/10 - (-91)/k a multiple of 14?
False
Suppose q - 3*v = -2*v + 33, 5*q - 186 = -2*v. Is 9 a factor of q?
True
Let d = 6 - -3. Suppose -2*b + 9 = -d. Is 3 a factor of b?
True
Suppose 0 = -w - 3*z + 57, 0 = 5*w - 0*z - 2*z - 268. Suppose -4*q + 6*q - w = 0. Is q a multiple of 14?
False
Let f = -4 + 6. Let p(j) = 2*j**2 - 2*j + 1. Let t be p(f). Suppose -c + 23 = t*w, 2*w = c - w + 9. Does 2 divide c?
False
Suppose -4*b = -2*o + 52, -4*o - 3*b + 134 = 8. Is 10 a factor of o?
True
Is 9 a factor of (1 + -2 - -9) + 1?
True
Suppose 5*u - 6 = 4. Suppose w = u*w - 2. Suppose -3 = w*h - 15. Does 3 divide h?
True
Suppose -z - 2*n - 6 = 0, 2*n - 6 = 2*z - 0*z. Let s(g) = g**2 - 2*g - 6. Let c(k) = 3*k**2 - 3*k - 12. Let x(l) = 3*c(l) - 7*s(l). Does 9 divide x(z)?
True
Let c = 15 - -100. Suppose -2*t = 5*g + 3*t - c, 0 = g - t - 29. Suppose 0 = 2*o - g - 10. Is o a multiple of 7?
False
Suppose -4*s + 68 = -4*c, -2*s - c + 43 = 2*s. Is 12 a factor of s?
True
Let w(p) = -2*p**2 - 1. Let y be w(4). Suppose 13 = -5*b - 4*d + 3, 5 = d. Is 3 a factor of b/y + (-128)/(-22)?
True
Let h(v) = -4*v**2 + 13*v - 3. Let r(n) = -2*n**2 + 7*n - 2. Let f(i) = 4*h(i) - 9*r(i). Is f(8) a multiple of 18?
False
Let m(t) = -45*t**3 + t**2 - 1. Does 15 divide m(-1)?
True
Let l(a) = a**2 + 6 + 6 - 12. Is l(4) a multiple of 3?
False
Let i = -25 - -41. Does 14 divide i?
False
Suppose 5*h - 3*q - 30 = 0, 3*h - 3*q = -h + 21. Let b = h + 1. Let l = -5 + b. Is 5 a factor of l?
True
Let v = -126 - -140. Does 4 divide v?
False
Suppose 0 = 2*y - y - 5*m - 25, -3*m = 15. Suppose y = -3*h - h. Let z = h + 6. Does 3 divide z?
Tru